{"id":4463,"date":"2018-09-13T18:07:33","date_gmt":"2018-09-13T16:07:33","guid":{"rendered":"https:\/\/www.enotecailbarocco.it\/prodotto\/\/"},"modified":"2026-01-09T20:03:13","modified_gmt":"2026-01-09T19:03:13","slug":"","status":"publish","type":"product","link":"https:\/\/www.enotecailbarocco.it\/fr\/produit\/sul-vulcano-bianco\/","title":{"rendered":"","raw":""},"content":{"rendered":"","protected":false,"raw":""},"excerpt":{"rendered":"Dal colore giallo paglierino con riflessi dorati, Sul Vulcano 2016 al naso presenta raffinate note di erbe aromatiche, agrumi e pietra focaia. Al palato \u00e8 avvolgente, fresco e sapido, caratterizzato da spiccata mineralit\u00e0 e persistenza; un vino che dispiega grande eleganza e complessit\u00e0. A tavola Perfetto con crostacei, primi piatti vegetariani e funghi porcini. Ottimo [...]","protected":false,"raw":""},"featured_media":4462,"template":"","meta":{"_it_post_content":"<div id=\"description\">\r\n\r\nDal colore giallo paglierino con riflessi dorati, Sul Vulcano 2016 al naso presenta raffinate note di erbe aromatiche, agrumi e pietra focaia. Al palato \u00e8 avvolgente, fresco e sapido, caratterizzato da spiccata mineralit\u00e0 e persistenza; un vino che dispiega grande eleganza e complessit\u00e0.\r\n\r\n<\/div>\r\n<div id=\"food-suggestions\">\r\n<h3>A tavola<\/h3>\r\nPerfetto con crostacei, primi piatti vegetariani e funghi porcini.\r\n\r\n<\/div>\r\n<div id=\"temperature\">\r\n\r\n<em>Ottimo a 10-12\u00b0<\/em>\r\n\r\n<\/div>","_it_post_name":"sul-vulcano-bianco","_it_post_excerpt":"100% CARRICANTE","_it_post_title":"Sul Vulcano Etna Bianco 75 cl","_en_post_content":"","_en_post_name":"","_en_post_excerpt":"","_en_post_title":"","_fr_post_content":"","_fr_post_name":"","_fr_post_excerpt":"","_fr_post_title":"","_de_post_content":"","_de_post_name":"","_de_post_excerpt":"","_de_post_title":"","edit_language":"fr"},"product_cat":[209,112],"product_tag":[],"class_list":{"0":"post-4463","1":"product","2":"type-product","3":"status-publish","4":"has-post-thumbnail","6":"product_cat-vini","7":"product_cat-donnafugata-trapani","9":"first","10":"instock","11":"taxable","12":"shipping-taxable","13":"purchasable","14":"product-type-simple"},"jetpack_sharing_enabled":true,"_links":{"self":[{"href":"https:\/\/www.enotecailbarocco.it\/fr\/wp-json\/wp\/v2\/product\/4463"}],"collection":[{"href":"https:\/\/www.enotecailbarocco.it\/fr\/wp-json\/wp\/v2\/product"}],"about":[{"href":"https:\/\/www.enotecailbarocco.it\/fr\/wp-json\/wp\/v2\/types\/product"}],"wp:featuredmedia":[{"embeddable":true,"href":"https:\/\/www.enotecailbarocco.it\/fr\/wp-json\/wp\/v2\/media\/4462"}],"wp:attachment":[{"href":"https:\/\/www.enotecailbarocco.it\/fr\/wp-json\/wp\/v2\/media?parent=4463"}],"wp:term":[{"taxonomy":"product_cat","embeddable":true,"href":"https:\/\/www.enotecailbarocco.it\/fr\/wp-json\/wp\/v2\/product_cat?post=4463"},{"taxonomy":"product_tag","embeddable":true,"href":"https:\/\/www.enotecailbarocco.it\/fr\/wp-json\/wp\/v2\/product_tag?post=4463"}],"curies":[{"name":"wp","href":"https:\/\/api.w.org\/{rel}","templated":true}]}}

Dal colore giallo paglierino con riflessi dorati, Sul Vulcano 2016 al naso presenta raffinate note di erbe aromatiche, agrumi e pietra focaia. Al palato è avvolgente, fresco e sapido, caratterizzato da spiccata mineralità e persistenza; un vino che dispiega grande eleganza e complessità. A tavola Perfetto con crostacei, primi piatti vegetariani e funghi porcini. Ottimo [...]

<div id="description">

Dal colore giallo paglierino con riflessi dorati, Sul Vulcano 2016 al naso presenta raffinate note di erbe aromatiche, agrumi e pietra focaia. Al palato è avvolgente, fresco e sapido, caratterizzato da spiccata mineralità e persistenza; un vino che dispiega grande eleganza e complessità.

</div>
<div id="food-suggestions">
<h3>A tavola</h3>
Perfetto con crostacei, primi piatti vegetariani e funghi porcini.

</div>
<div id="temperature">

<em>Ottimo a 10-12°</em>

</div>
