{"id":1972,"date":"2018-03-02T15:30:48","date_gmt":"2018-03-02T14:30:48","guid":{"rendered":"https:\/\/www.enotecailbarocco.it\/product\/cabernet-sauvignon-2\/"},"modified":"2026-04-21T16:02:37","modified_gmt":"2026-04-21T14:02:37","slug":"","status":"publish","type":"product","link":"https:\/\/www.enotecailbarocco.it\/fr\/produit\/cabernet-sauvignon-2\/","title":{"rendered":"","raw":""},"content":{"rendered":"","protected":false,"raw":""},"excerpt":{"rendered":"Il Cabernet Sauvignon \u00e8 stato impiantato nel 1985 nelle colline di San Francesco della Tenuta Regaleali, ad un'altitudine di 550 metri con esposizione sud. Lo scopo era verificare, con l'ausilio di un vitigno diffuso nelle pi\u00f9 rinomate regioni vitivinicole le rali potenzialit\u00e0 enologiche della Tenuta. Il Cabernet Savignon si ambient\u00f2 perfettamente e i risultati furono [...]","protected":false,"raw":""},"featured_media":1979,"template":"","meta":{"_it_post_content":"Il Cabernet Sauvignon \u00e8 stato impiantato nel 1985 nelle colline di San Francesco della Tenuta Regaleali, ad un'altitudine di 550 metri con esposizione sud. Lo scopo era verificare, con l'ausilio di un vitigno diffuso nelle pi\u00f9 rinomate regioni vitivinicole le rali potenzialit\u00e0 enologiche della Tenuta. Il Cabernet Savignon si ambient\u00f2 perfettamente e i risultati furono tanto brillanti che la vendemmia 1990 ricevette tutti i massimi riconoscimenti dell'epoca. La cura meticolasa di esperti vignaioli si armonizza perfettamente con le tecniche di sostenibilit\u00e0 ambientale studiate a Regaleali e permette di perpetuare la qualit\u00e0 di questo vino che ogni anno entuasiasma per la sua personilit\u00e0, la sua struttura e la sua eleganza. Nell'annata 2009, con un andamento climatico caldo e piovoso, le uve sono giunte a maturazione lentamente e sono state raccolte il 5 ottobre, per una resa di 67 quintali per ettaro. Il mosto ha mantenuto il contatto con le bucce per 20 giorni e dopo la svinatura ha completato la fermentazione malolattica. Infine \u00e8 stato affinato in barili nuovi di rovere da 225 litri per 18 mesi. Il vino ha riposato in bottiglia per altri 8 mesi prima della commercializzazione.","_it_post_name":"cabernet-sauvignon-2","_it_post_excerpt":"","_it_post_title":"Cabernet Sauvignon 75 cl","_en_post_content":"<p>Il Cabernet Sauvignon \u00e8 stato impiantato nel 1985 nelle colline di San Francesco della Tenuta Regaleali, ad un'altitudine di 550 metri con esposizione sud. Lo scopo era verificare, con l'ausilio di un vitigno diffuso nelle pi\u00f9 rinomate regioni vitivinicole le rali potenzialit\u00e0 enologiche della Tenuta. Il Cabernet Savignon si ambient\u00f2 perfettamente e i risultati furono tanto brillanti che la vendemmia 1990 ricevette tutti i massimi riconoscimenti dell'epoca. La cura meticolasa di esperti vignaioli si armonizza perfettamente con le tecniche di sostenibilit\u00e0 ambientale studiate a Regaleali e permette di perpetuare la qualit\u00e0 di questo vino che ogni anno entuasiasma per la sua personilit\u00e0, la sua struttura e la sua eleganza. Nell'annata 2009, con un andamento climatico caldo e piovoso, le uve sono giunte a maturazione lentamente e sono state raccolte il 5 ottobre, per una resa di 67 quintali per ettaro. Il mosto ha mantenuto il contatto con le bucce per 20 giorni e dopo la svinatura ha completato la fermentazione malolattica. Infine \u00e8 stato affinato in barili nuovi di rovere da 225 litri per 18 mesi. Il vino ha riposato in bottiglia per altri 8 mesi prima della commercializzazione.&nbsp;<\/p>","_en_post_name":"cabernet-sauvignon2014-03-16-11-51-07","_en_post_excerpt":"","_en_post_title":"Cabernet Sauvignon","_fr_post_content":"","_fr_post_name":"","_fr_post_excerpt":"","_fr_post_title":"","_de_post_content":"","_de_post_name":"","_de_post_excerpt":"","_de_post_title":"","edit_language":"fr"},"product_cat":[209,146],"product_tag":[],"class_list":{"0":"post-1972","1":"product","2":"type-product","3":"status-publish","4":"has-post-thumbnail","6":"product_cat-vini","7":"product_cat-tasca-dalmerita-palermo","9":"first","10":"instock","11":"taxable","12":"shipping-taxable","13":"purchasable","14":"product-type-simple"},"jetpack_sharing_enabled":true,"_links":{"self":[{"href":"https:\/\/www.enotecailbarocco.it\/fr\/wp-json\/wp\/v2\/product\/1972"}],"collection":[{"href":"https:\/\/www.enotecailbarocco.it\/fr\/wp-json\/wp\/v2\/product"}],"about":[{"href":"https:\/\/www.enotecailbarocco.it\/fr\/wp-json\/wp\/v2\/types\/product"}],"wp:featuredmedia":[{"embeddable":true,"href":"https:\/\/www.enotecailbarocco.it\/fr\/wp-json\/wp\/v2\/media\/1979"}],"wp:attachment":[{"href":"https:\/\/www.enotecailbarocco.it\/fr\/wp-json\/wp\/v2\/media?parent=1972"}],"wp:term":[{"taxonomy":"product_cat","embeddable":true,"href":"https:\/\/www.enotecailbarocco.it\/fr\/wp-json\/wp\/v2\/product_cat?post=1972"},{"taxonomy":"product_tag","embeddable":true,"href":"https:\/\/www.enotecailbarocco.it\/fr\/wp-json\/wp\/v2\/product_tag?post=1972"}],"curies":[{"name":"wp","href":"https:\/\/api.w.org\/{rel}","templated":true}]}}

Il Cabernet Sauvignon è stato impiantato nel 1985 nelle colline di San Francesco della Tenuta Regaleali, ad un'altitudine di 550 metri con esposizione sud. Lo scopo era verificare, con l'ausilio di un vitigno diffuso nelle più rinomate regioni vitivinicole le rali potenzialità enologiche della Tenuta. Il Cabernet Savignon si ambientò perfettamente e i risultati furono [...]

Il Cabernet Sauvignon è stato impiantato nel 1985 nelle colline di San Francesco della Tenuta Regaleali, ad un'altitudine di 550 metri con esposizione sud. Lo scopo era verificare, con l'ausilio di un vitigno diffuso nelle più rinomate regioni vitivinicole le rali potenzialità enologiche della Tenuta. Il Cabernet Savignon si ambientò perfettamente e i risultati furono tanto brillanti che la vendemmia 1990 ricevette tutti i massimi riconoscimenti dell'epoca. La cura meticolasa di esperti vignaioli si armonizza perfettamente con le tecniche di sostenibilità ambientale studiate a Regaleali e permette di perpetuare la qualità di questo vino che ogni anno entuasiasma per la sua personilità, la sua struttura e la sua eleganza. Nell'annata 2009, con un andamento climatico caldo e piovoso, le uve sono giunte a maturazione lentamente e sono state raccolte il 5 ottobre, per una resa di 67 quintali per ettaro. Il mosto ha mantenuto il contatto con le bucce per 20 giorni e dopo la svinatura ha completato la fermentazione malolattica. Infine è stato affinato in barili nuovi di rovere da 225 litri per 18 mesi. Il vino ha riposato in bottiglia per altri 8 mesi prima della commercializzazione.

<p>Il Cabernet Sauvignon è stato impiantato nel 1985 nelle colline di San Francesco della Tenuta Regaleali, ad un'altitudine di 550 metri con esposizione sud. Lo scopo era verificare, con l'ausilio di un vitigno diffuso nelle più rinomate regioni vitivinicole le rali potenzialità enologiche della Tenuta. Il Cabernet Savignon si ambientò perfettamente e i risultati furono tanto brillanti che la vendemmia 1990 ricevette tutti i massimi riconoscimenti dell'epoca. La cura meticolasa di esperti vignaioli si armonizza perfettamente con le tecniche di sostenibilità ambientale studiate a Regaleali e permette di perpetuare la qualità di questo vino che ogni anno entuasiasma per la sua personilità, la sua struttura e la sua eleganza. Nell'annata 2009, con un andamento climatico caldo e piovoso, le uve sono giunte a maturazione lentamente e sono state raccolte il 5 ottobre, per una resa di 67 quintali per ettaro. Il mosto ha mantenuto il contatto con le bucce per 20 giorni e dopo la svinatura ha completato la fermentazione malolattica. Infine è stato affinato in barili nuovi di rovere da 225 litri per 18 mesi. Il vino ha riposato in bottiglia per altri 8 mesi prima della commercializzazione.&nbsp;</p>
