{"id":1969,"date":"2018-03-02T15:30:48","date_gmt":"2018-03-02T14:30:48","guid":{"rendered":"https:\/\/www.enotecailbarocco.it\/product\/chardonnay-2\/"},"modified":"2026-04-21T16:01:53","modified_gmt":"2026-04-21T14:01:53","slug":"","status":"publish","type":"product","link":"https:\/\/www.enotecailbarocco.it\/fr\/produit\/chardonnay-2\/","title":{"rendered":"","raw":""},"content":{"rendered":"","protected":false,"raw":""},"excerpt":{"rendered":"Vitigni:\u00a0Chardonnay Denominazione:\u00a0Bianco Sicilia DOC Zona vitivinicola:\u00a0Tenuta Regaleali \u2013 Palermo \u2013 Sicilia Vigneti:\u00a0San Francesco di 4,9 Ha Anno di impianto:\u00a01985 Altitudine:\u00a0530 m s.l.m. Esposizione:\u00a0Sud-Est Sistema di allevamento:\u00a0spalliera Tipo di potatura:\u00a0guyot doppio Densit\u00e0 di ceppi per ha:\u00a03.200 Resa di uva per ha:\u00a098\u00a0ql Fermentazione:\u00a0in barili di Rovere francese (Allier e Tron\u00e7ais) da 350 litri Temperatura di fermentazione:\u00a018\u00b0C Durata [...]","protected":false,"raw":""},"featured_media":1975,"template":"","meta":{"_it_post_content":"<ul>\r\n \t<li><strong>Vitigni:<\/strong>\u00a0Chardonnay<\/li>\r\n \t<li><strong>Denominazione:<\/strong>\u00a0Bianco Sicilia DOC<\/li>\r\n \t<li><strong>Zona vitivinicola:<\/strong>\u00a0Tenuta Regaleali \u2013 Palermo \u2013 Sicilia<\/li>\r\n \t<li><strong>Vigneti:<\/strong>\u00a0San Francesco di 4,9 Ha<\/li>\r\n \t<li><strong>Anno di impianto:<\/strong>\u00a01985<\/li>\r\n \t<li><strong>Altitudine:<\/strong>\u00a0530 m s.l.m.<\/li>\r\n \t<li><strong>Esposizione:<\/strong>\u00a0Sud-Est<\/li>\r\n \t<li><strong>Sistema di allevamento:<\/strong>\u00a0spalliera<\/li>\r\n \t<li><strong>Tipo di potatura:<\/strong>\u00a0guyot doppio<\/li>\r\n \t<li><strong>Densit\u00e0 di ceppi per ha:<\/strong>\u00a03.200<\/li>\r\n \t<li><strong>Resa di uva per ha:\u00a0<\/strong>98\u00a0ql<\/li>\r\n \t<li><strong>Fermentazione:<\/strong>\u00a0in barili di Rovere francese (Allier e Tron\u00e7ais) da 350 litri<\/li>\r\n \t<li><strong>Temperatura di fermentazione:<\/strong>\u00a018\u00b0C<\/li>\r\n \t<li><strong>Durata a contatto con le bucce:<\/strong>\u00a015 giorni<\/li>\r\n \t<li><strong>Fermentazione malolattica:<\/strong>\u00a0Non svolta<\/li>\r\n \t<li><strong>Affinamento:<\/strong>\u00a0in barili di Rovere Francese (Allier e Tron\u00e7ais) da 225 litri, 100% nuovi per 18 mesi<\/li>\r\n<\/ul>","_it_post_name":"chardonnay-2","_it_post_excerpt":"","_it_post_title":"Chardonnay Vigna San Francesco 75 cl","_en_post_content":"<p>Lo Chardonnay, vitigno allora sconoscuito in Sicilia, \u00e8 stato impiantato nel 1985 nelle colline di San Francesco della Tenuta Regaleali, ad un'altitudine di 530 metri. Con l'ausilio di un vitigno diffuso nelle pi\u00f9 rinomate regioni vitivinicole si volevano verificare le reali potenzialit\u00e0 enologiche della Tenuta. Lo Chardonnay si ambient\u00f2 benissimo e i risultati furono tanto brillanti che la vendemmia 1990 ricevette tutti i massimi riconiscimenti dell'epoca. La cura meticolosa di esperti vignaioli si armonizza perfettamente con le tecniche di sostenibilit\u00e0 ambientale studiate a Regaleali e permette di perpentuare la qualit\u00e0 di questo vino che ogni anno stupisce per la sua eleganza, la sua freschezza e la sua personalit\u00e0. L'annata 2010, con un andamento climatico asciutto e fresco, ha permesso alle uve di ragguingere un'ottima maturazione. La raccolta \u00e8 avvenuta il 2 settembre, per una resa di 43 quintali per ettaro. Il mosto ha fermentato in barili nuovi di rovere da 350 litri dove \u00e8 stato affinato per oltre otto mesi. Il vino ha riposato in bottiglia per altri otto mesi prima della commercializzazione.&nbsp;<\/p>","_en_post_name":"chardonnay2014-03-16-16-32-20","_en_post_excerpt":"","_en_post_title":"Chardonnay","_fr_post_content":"","_fr_post_name":"","_fr_post_excerpt":"","_fr_post_title":"","_de_post_content":"","_de_post_name":"","_de_post_excerpt":"","_de_post_title":"","edit_language":"fr"},"product_cat":[209,146],"product_tag":[],"class_list":{"0":"post-1969","1":"product","2":"type-product","3":"status-publish","4":"has-post-thumbnail","6":"product_cat-vini","7":"product_cat-tasca-dalmerita-palermo","9":"first","10":"instock","11":"taxable","12":"shipping-taxable","13":"purchasable","14":"product-type-simple"},"jetpack_sharing_enabled":true,"_links":{"self":[{"href":"https:\/\/www.enotecailbarocco.it\/fr\/wp-json\/wp\/v2\/product\/1969"}],"collection":[{"href":"https:\/\/www.enotecailbarocco.it\/fr\/wp-json\/wp\/v2\/product"}],"about":[{"href":"https:\/\/www.enotecailbarocco.it\/fr\/wp-json\/wp\/v2\/types\/product"}],"wp:featuredmedia":[{"embeddable":true,"href":"https:\/\/www.enotecailbarocco.it\/fr\/wp-json\/wp\/v2\/media\/1975"}],"wp:attachment":[{"href":"https:\/\/www.enotecailbarocco.it\/fr\/wp-json\/wp\/v2\/media?parent=1969"}],"wp:term":[{"taxonomy":"product_cat","embeddable":true,"href":"https:\/\/www.enotecailbarocco.it\/fr\/wp-json\/wp\/v2\/product_cat?post=1969"},{"taxonomy":"product_tag","embeddable":true,"href":"https:\/\/www.enotecailbarocco.it\/fr\/wp-json\/wp\/v2\/product_tag?post=1969"}],"curies":[{"name":"wp","href":"https:\/\/api.w.org\/{rel}","templated":true}]}}

Vitigni: Chardonnay Denominazione: Bianco Sicilia DOC Zona vitivinicola: Tenuta Regaleali – Palermo – Sicilia Vigneti: San Francesco di 4,9 Ha Anno di impianto: 1985 Altitudine: 530 m s.l.m. Esposizione: Sud-Est Sistema di allevamento: spalliera Tipo di potatura: guyot doppio Densità di ceppi per ha: 3.200 Resa di uva per ha: 98 ql Fermentazione: in barili di Rovere francese (Allier e Tronçais) da 350 litri Temperatura di fermentazione: 18°C Durata [...]

<ul>
 	<li><strong>Vitigni:</strong> Chardonnay</li>
 	<li><strong>Denominazione:</strong> Bianco Sicilia DOC</li>
 	<li><strong>Zona vitivinicola:</strong> Tenuta Regaleali – Palermo – Sicilia</li>
 	<li><strong>Vigneti:</strong> San Francesco di 4,9 Ha</li>
 	<li><strong>Anno di impianto:</strong> 1985</li>
 	<li><strong>Altitudine:</strong> 530 m s.l.m.</li>
 	<li><strong>Esposizione:</strong> Sud-Est</li>
 	<li><strong>Sistema di allevamento:</strong> spalliera</li>
 	<li><strong>Tipo di potatura:</strong> guyot doppio</li>
 	<li><strong>Densità di ceppi per ha:</strong> 3.200</li>
 	<li><strong>Resa di uva per ha: </strong>98 ql</li>
 	<li><strong>Fermentazione:</strong> in barili di Rovere francese (Allier e Tronçais) da 350 litri</li>
 	<li><strong>Temperatura di fermentazione:</strong> 18°C</li>
 	<li><strong>Durata a contatto con le bucce:</strong> 15 giorni</li>
 	<li><strong>Fermentazione malolattica:</strong> Non svolta</li>
 	<li><strong>Affinamento:</strong> in barili di Rovere Francese (Allier e Tronçais) da 225 litri, 100% nuovi per 18 mesi</li>
</ul>

<p>Lo Chardonnay, vitigno allora sconoscuito in Sicilia, è stato impiantato nel 1985 nelle colline di San Francesco della Tenuta Regaleali, ad un'altitudine di 530 metri. Con l'ausilio di un vitigno diffuso nelle più rinomate regioni vitivinicole si volevano verificare le reali potenzialità enologiche della Tenuta. Lo Chardonnay si ambientò benissimo e i risultati furono tanto brillanti che la vendemmia 1990 ricevette tutti i massimi riconiscimenti dell'epoca. La cura meticolosa di esperti vignaioli si armonizza perfettamente con le tecniche di sostenibilità ambientale studiate a Regaleali e permette di perpentuare la qualità di questo vino che ogni anno stupisce per la sua eleganza, la sua freschezza e la sua personalità. L'annata 2010, con un andamento climatico asciutto e fresco, ha permesso alle uve di ragguingere un'ottima maturazione. La raccolta è avvenuta il 2 settembre, per una resa di 43 quintali per ettaro. Il mosto ha fermentato in barili nuovi di rovere da 350 litri dove è stato affinato per oltre otto mesi. Il vino ha riposato in bottiglia per altri otto mesi prima della commercializzazione.&nbsp;</p>
