{"id":12489,"date":"2022-04-29T21:23:58","date_gmt":"2022-04-29T19:23:58","guid":{"rendered":"https:\/\/www.enotecailbarocco.it\/?post_type=product&#038;p=12489"},"modified":"2025-06-27T13:36:00","modified_gmt":"2025-06-27T11:36:00","slug":"","status":"publish","type":"product","link":"https:\/\/www.enotecailbarocco.it\/fr\/produit\/serra-della-contessa-riserva-2015-75-cl\/","title":{"rendered":"","raw":""},"content":{"rendered":"","protected":false,"raw":""},"excerpt":{"rendered":"Storia. Dopo vent\u2019anni di esperienza maturata con la produzione dello storico Serra della Contessa Etna Rosso, nel 2015 l\u2019azienda decide di raggiungere nuovi picchi di eccellenza, limitando la raccolta delle uve alla sola piccola particella di viti centenarie pre-fillossera e prolungando fino a 60 mesi il periodo di vinificazione, maturazione e affinamento, dando vita a [...]","protected":false,"raw":""},"featured_media":13181,"template":"","meta":{"_it_post_content":"<strong><b>Storia.\r\n<\/b><\/strong>Dopo vent\u2019anni di esperienza maturata con la produzione dello storico Serra della Contessa Etna Rosso, nel 2015 l\u2019azienda decide di raggiungere nuovi picchi di eccellenza, limitando la raccolta delle uve alla sola piccola particella di viti centenarie pre-fillossera e prolungando fino a 60 mesi il periodo di vinificazione, maturazione e affinamento, dando vita a questa nuova esclusiva Riserva prodotta in limitatissime quantit\u00e0.\r\n\r\n<strong><b>Denominazione.\r\n<\/b><\/strong>Etna D.O.C. Rosso Riserva\r\n\r\n<strong><b>Sulla Montagna.\r\n<\/b><\/strong>Vigna in\u00a0Contrada Monte Serra, versante sud-est dell\u2019Etna, nel territorio del Comune di Viagrande (CT). Altitudine 500 m. s.l.m.\r\n\r\n<strong><b>In Vigna.\r\n<\/b><\/strong>Nerello Mascalese (c.85%), nobile variet\u00e0 autoctona dell\u2019Etna, e Nerello Cappuccio (c.15%), presente da secoli sul vulcano. La vigna \u00e8 impiantata su un terreno di notevole pendenza, sabbioso, vulcanico, ricco di \u201cripiddu\u201d (scheletro di pomice di piccole dimensioni) e di minerali, a reazione sub-acida. Le viti centenarie, in larghissima parte pre-fillossera, a piede franco, sono allevate con il tradizionale sistema ad alberello, con una densit\u00e0 d\u2019impianto dai 9.000 ai 10.000 ceppi per ettaro ed una resa di circa 4.500 kg\/ha. Il clima \u00e8 di alta collina, moderato dalla vicinanza del mare, umido e piuttosto piovoso nella stagione pi\u00f9 fredda, con una elevata ventilazione ed notevole luminosit\u00e0.\r\n\r\n<strong><b>In Cantina.\r\n<\/b><\/strong>Le uve vengono raccolte e selezionate manualmente a fine settembre. Fermentazione in acciaio a temperatura controllata di 25\u00b0C con lunga macerazione, utilizzando uno specifico lievito autoctono di propriet\u00e0 dell\u2019azienda, selezionato in vigna e in cantina dopo una lunga sperimentazione. La fermentazione malolattica avviene in acciaio e successivamente la maturazione prosegue in botti di rovere francese da 15 hl per circa 24 mesi. Affinamento in bottiglia per ulteriori 12 mesi.\r\n\r\n<strong><b>Nel Calice.\r\n<\/b><\/strong>Colore rosso rubino tendente al granato: al naso si presenta etereo, intenso, con sfumature di more selvatiche, spezie e legno nobile. Al palato \u00e8 pieno, abbastanza tannico, minerale, elegante, di notevole persistenza. Armonico. Temperatura di servizio: 18 \u2013 19\u00b0C.\r\n\r\n<strong><b>A Tavola.\r\n<\/b><\/strong>E\u2019 un vino elegante e longevo. Ideale con carni rosse, selvaggina e formaggi stagionati.","_it_post_name":"serra-della-contessa-riserva-2015-75-cl","_it_post_excerpt":"","_it_post_title":"Serra della Contessa Riserva 75 cl","_en_post_content":"<p><span style=\"font-family: verdana; font-size: 12px;\">Il Serra della Contessa \u00e8 un Etna rosso a denominazione di origine controllato prodotto con i vitigni auoctoni entei. Nerello Mascalese e Nerello Cappuccio coltivati ad alberello nel vecchissimo vigneto prefillosera di Monte Serra, un conetto eruttivo spento, nel versante sud-orientale dell'Etna a circa 500 mt. slm. Il nome Serra della Contessa appare per la prima volta su un documento notarile redatto in latino e risalente all'anno 1474.&nbsp;<\/span><\/p>\r\n<p><span style=\"font-family: verdana; font-size: 12px;\">&nbsp;<\/span><span style=\"font-family: verdana; font-size: 12px;\">Consigliamo di degustarlo ad una temperatura di 18\u00b0C. Si abbina ottimamente con la selvaggina, le carni rosse, gli arrosti, il brasato ed i formaggi stagionati.<\/span><\/p>\r\n<p><span style=\"font-family: verdana; font-size: 12px;\"><strong>Zona di produzione:<\/strong><\/span><span style=\"font-family: verdana; font-size: 12px;\">&nbsp;Monte Serra, il cono vulcanico alla<i>&nbsp;<\/i>quota pi\u00f9 bassa nel versante est<i>&nbsp;<\/i>dell\u2019Etna nel Comune di Viagrande<i>&nbsp;<\/i>(Ct).<br \/><strong>Altitudine<\/strong><\/span><span style=\"font-family: verdana; font-size: 12px;\">:<em>&nbsp;<\/em>500 m slm.<br \/><strong>Clima:<\/strong><\/span><span style=\"font-family: verdana; font-size: 12px;\"><em>&nbsp;<\/em>\u00e8 quello di alta collina, con notevoli<i>&nbsp;<\/i>sbalzi di temperatura tra giorno enotte.<br \/><strong>Terreno:<\/strong><\/span><span style=\"font-family: verdana; font-size: 12px;\"><em>&nbsp;<\/em>sabbioso, vulcanico, ricchissimo di<i>&nbsp;<\/i>minerali, a reazione sub acida.<br \/><strong>Vitigni:<\/strong><\/span><span style=\"font-family: verdana; font-size: 12px;\"><em>&nbsp;<\/em>Nerello Mascalese (Negrello) allevato<i>&nbsp;<\/i>ad alberello. Nella zona etnea \u00e8 ilvitigno principale. Ha grappolo<i>&nbsp;<\/i>medio, compatto. Acino di media<i>&nbsp;<\/i>grandezza, buccia di colore blu chiaro,molto pruinosa, di sapore dolce,molto tannico. Nerello Cappuccio<i>&nbsp;<\/i>o Mantellato allevato ad alberello. Si<i>&nbsp;<\/i>ignora quale sia il luogo di origine.Ha grappolo medio, corto, compatto.Acino medio, buccia di colore blunero,<i>&nbsp;<\/i>di sapore dolce, poco tannico.<br \/><strong>Densit\u00e0 d\u2019impianto:<\/strong><\/span><span style=\"font-family: verdana; font-size: 12px;\">&nbsp;circa 8.000 piante per ettaro.<br \/><strong>Resa per ettaro:<\/strong><\/span><span style=\"font-family: verdana; font-size: 12px;\"><em>&nbsp;<\/em>55 q.li.<br \/><strong>Et\u00e0 di vigneti:<\/strong><\/span><span style=\"font-family: verdana; font-size: 12px;\">&nbsp;100 anni, in parte, con viti franco di<i>&nbsp;<\/i>piede.<br \/><strong>Vinificazione:<em>&nbsp;<\/em><\/strong><\/span><span style=\"font-family: verdana; font-size: 12px;\"><em>&nbsp;<\/em>le uve, vendemmiate a fine settembre,<i>&nbsp;<\/i>vengono vinificate in rosso con lunga<i><br \/><\/i><\/span><span style=\"font-family: verdana; font-size: 12px;\">macerazione del mosto con le bucce in tini di rovere da 52 ettolitri.<br \/><strong>Maturazione:<\/strong><\/span><span style=\"font-family: verdana; font-size: 12px;\"><em>&nbsp;<\/em>dopo la malolattica, il vino viene<i>&nbsp;<\/i>travasato in piccole botti da 225 litri<i>&nbsp;<\/i>dove rimane per oltre un anno.<br \/><strong>Affinamento:<\/strong><\/span><span style=\"font-family: verdana; font-size: 12px;\"><em>&nbsp;&nbsp;<\/em>in bottiglia per almeno 12 mesi.<br \/><strong>Caratteristiche organolettiche:<\/strong><\/span><span style=\"font-family: Tahoma; font-size: 8pt;\">&nbsp;<em>colore<\/em>: rosso, rubino carico<i>&nbsp;<\/i>-&nbsp;<i>odore<\/i>: etereo, intenso, con sfuma-<i><br \/><\/i><\/span><span style=\"font-family: verdana; font-size: 12px;\">ture di more selvatiche, pesca, legno nobile -&nbsp;<i>sapore<\/i>: pieno, armonico, di note-vole persistenza al gusto, giusta-mente tannico.<br \/><strong>Gradazione alcolica:<\/strong><\/span><span style=\"font-family: verdana; font-size: 12px;\">&nbsp;13,5% vol.<\/span><\/p>","_en_post_name":"serra-della-contessa","_en_post_excerpt":"","_en_post_title":"Serra della Contessa","_fr_post_content":"","_fr_post_name":"","_fr_post_excerpt":"","_fr_post_title":"","_de_post_content":"","_de_post_name":"","_de_post_excerpt":"","_de_post_title":"","edit_language":"fr"},"product_cat":[209,177],"product_tag":[],"class_list":{"0":"post-12489","1":"product","2":"type-product","3":"status-publish","4":"has-post-thumbnail","6":"product_cat-vini","7":"product_cat-benanti-catania","9":"first","10":"instock","11":"taxable","12":"shipping-taxable","13":"purchasable","14":"product-type-simple"},"jetpack_sharing_enabled":true,"_links":{"self":[{"href":"https:\/\/www.enotecailbarocco.it\/fr\/wp-json\/wp\/v2\/product\/12489"}],"collection":[{"href":"https:\/\/www.enotecailbarocco.it\/fr\/wp-json\/wp\/v2\/product"}],"about":[{"href":"https:\/\/www.enotecailbarocco.it\/fr\/wp-json\/wp\/v2\/types\/product"}],"wp:featuredmedia":[{"embeddable":true,"href":"https:\/\/www.enotecailbarocco.it\/fr\/wp-json\/wp\/v2\/media\/13181"}],"wp:attachment":[{"href":"https:\/\/www.enotecailbarocco.it\/fr\/wp-json\/wp\/v2\/media?parent=12489"}],"wp:term":[{"taxonomy":"product_cat","embeddable":true,"href":"https:\/\/www.enotecailbarocco.it\/fr\/wp-json\/wp\/v2\/product_cat?post=12489"},{"taxonomy":"product_tag","embeddable":true,"href":"https:\/\/www.enotecailbarocco.it\/fr\/wp-json\/wp\/v2\/product_tag?post=12489"}],"curies":[{"name":"wp","href":"https:\/\/api.w.org\/{rel}","templated":true}]}}

<strong><b>Storia.
</b></strong>Dopo vent’anni di esperienza maturata con la produzione dello storico Serra della Contessa Etna Rosso, nel 2015 l’azienda decide di raggiungere nuovi picchi di eccellenza, limitando la raccolta delle uve alla sola piccola particella di viti centenarie pre-fillossera e prolungando fino a 60 mesi il periodo di vinificazione, maturazione e affinamento, dando vita a questa nuova esclusiva Riserva prodotta in limitatissime quantità.

<strong><b>Denominazione.
</b></strong>Etna D.O.C. Rosso Riserva

<strong><b>Sulla Montagna.
</b></strong>Vigna in Contrada Monte Serra, versante sud-est dell’Etna, nel territorio del Comune di Viagrande (CT). Altitudine 500 m. s.l.m.

<strong><b>In Vigna.
</b></strong>Nerello Mascalese (c.85%), nobile varietà autoctona dell’Etna, e Nerello Cappuccio (c.15%), presente da secoli sul vulcano. La vigna è impiantata su un terreno di notevole pendenza, sabbioso, vulcanico, ricco di “ripiddu” (scheletro di pomice di piccole dimensioni) e di minerali, a reazione sub-acida. Le viti centenarie, in larghissima parte pre-fillossera, a piede franco, sono allevate con il tradizionale sistema ad alberello, con una densità d’impianto dai 9.000 ai 10.000 ceppi per ettaro ed una resa di circa 4.500 kg/ha. Il clima è di alta collina, moderato dalla vicinanza del mare, umido e piuttosto piovoso nella stagione più fredda, con una elevata ventilazione ed notevole luminosità.

<strong><b>In Cantina.
</b></strong>Le uve vengono raccolte e selezionate manualmente a fine settembre. Fermentazione in acciaio a temperatura controllata di 25°C con lunga macerazione, utilizzando uno specifico lievito autoctono di proprietà dell’azienda, selezionato in vigna e in cantina dopo una lunga sperimentazione. La fermentazione malolattica avviene in acciaio e successivamente la maturazione prosegue in botti di rovere francese da 15 hl per circa 24 mesi. Affinamento in bottiglia per ulteriori 12 mesi.

<strong><b>Nel Calice.
</b></strong>Colore rosso rubino tendente al granato: al naso si presenta etereo, intenso, con sfumature di more selvatiche, spezie e legno nobile. Al palato è pieno, abbastanza tannico, minerale, elegante, di notevole persistenza. Armonico. Temperatura di servizio: 18 – 19°C.

<strong><b>A Tavola.
</b></strong>E’ un vino elegante e longevo. Ideale con carni rosse, selvaggina e formaggi stagionati.

<p><span style="font-family: verdana; font-size: 12px;">Il Serra della Contessa è un Etna rosso a denominazione di origine controllato prodotto con i vitigni auoctoni entei. Nerello Mascalese e Nerello Cappuccio coltivati ad alberello nel vecchissimo vigneto prefillosera di Monte Serra, un conetto eruttivo spento, nel versante sud-orientale dell'Etna a circa 500 mt. slm. Il nome Serra della Contessa appare per la prima volta su un documento notarile redatto in latino e risalente all'anno 1474.&nbsp;</span></p>
<p><span style="font-family: verdana; font-size: 12px;">&nbsp;</span><span style="font-family: verdana; font-size: 12px;">Consigliamo di degustarlo ad una temperatura di 18°C. Si abbina ottimamente con la selvaggina, le carni rosse, gli arrosti, il brasato ed i formaggi stagionati.</span></p>
<p><span style="font-family: verdana; font-size: 12px;"><strong>Zona di produzione:</strong></span><span style="font-family: verdana; font-size: 12px;">&nbsp;Monte Serra, il cono vulcanico alla<i>&nbsp;</i>quota più bassa nel versante est<i>&nbsp;</i>dell’Etna nel Comune di Viagrande<i>&nbsp;</i>(Ct).<br /><strong>Altitudine</strong></span><span style="font-family: verdana; font-size: 12px;">:<em>&nbsp;</em>500 m slm.<br /><strong>Clima:</strong></span><span style="font-family: verdana; font-size: 12px;"><em>&nbsp;</em>è quello di alta collina, con notevoli<i>&nbsp;</i>sbalzi di temperatura tra giorno enotte.<br /><strong>Terreno:</strong></span><span style="font-family: verdana; font-size: 12px;"><em>&nbsp;</em>sabbioso, vulcanico, ricchissimo di<i>&nbsp;</i>minerali, a reazione sub acida.<br /><strong>Vitigni:</strong></span><span style="font-family: verdana; font-size: 12px;"><em>&nbsp;</em>Nerello Mascalese (Negrello) allevato<i>&nbsp;</i>ad alberello. Nella zona etnea è ilvitigno principale. Ha grappolo<i>&nbsp;</i>medio, compatto. Acino di media<i>&nbsp;</i>grandezza, buccia di colore blu chiaro,molto pruinosa, di sapore dolce,molto tannico. Nerello Cappuccio<i>&nbsp;</i>o Mantellato allevato ad alberello. Si<i>&nbsp;</i>ignora quale sia il luogo di origine.Ha grappolo medio, corto, compatto.Acino medio, buccia di colore blunero,<i>&nbsp;</i>di sapore dolce, poco tannico.<br /><strong>Densità d’impianto:</strong></span><span style="font-family: verdana; font-size: 12px;">&nbsp;circa 8.000 piante per ettaro.<br /><strong>Resa per ettaro:</strong></span><span style="font-family: verdana; font-size: 12px;"><em>&nbsp;</em>55 q.li.<br /><strong>Età di vigneti:</strong></span><span style="font-family: verdana; font-size: 12px;">&nbsp;100 anni, in parte, con viti franco di<i>&nbsp;</i>piede.<br /><strong>Vinificazione:<em>&nbsp;</em></strong></span><span style="font-family: verdana; font-size: 12px;"><em>&nbsp;</em>le uve, vendemmiate a fine settembre,<i>&nbsp;</i>vengono vinificate in rosso con lunga<i><br /></i></span><span style="font-family: verdana; font-size: 12px;">macerazione del mosto con le bucce in tini di rovere da 52 ettolitri.<br /><strong>Maturazione:</strong></span><span style="font-family: verdana; font-size: 12px;"><em>&nbsp;</em>dopo la malolattica, il vino viene<i>&nbsp;</i>travasato in piccole botti da 225 litri<i>&nbsp;</i>dove rimane per oltre un anno.<br /><strong>Affinamento:</strong></span><span style="font-family: verdana; font-size: 12px;"><em>&nbsp;&nbsp;</em>in bottiglia per almeno 12 mesi.<br /><strong>Caratteristiche organolettiche:</strong></span><span style="font-family: Tahoma; font-size: 8pt;">&nbsp;<em>colore</em>: rosso, rubino carico<i>&nbsp;</i>-&nbsp;<i>odore</i>: etereo, intenso, con sfuma-<i><br /></i></span><span style="font-family: verdana; font-size: 12px;">ture di more selvatiche, pesca, legno nobile -&nbsp;<i>sapore</i>: pieno, armonico, di note-vole persistenza al gusto, giusta-mente tannico.<br /><strong>Gradazione alcolica:</strong></span><span style="font-family: verdana; font-size: 12px;">&nbsp;13,5% vol.</span></p>
