{"id":13323,"date":"2023-06-07T23:25:16","date_gmt":"2023-06-07T21:25:16","guid":{"rendered":"https:\/\/www.enotecailbarocco.it\/?post_type=product&#038;p=13323"},"modified":"2025-08-01T22:02:18","modified_gmt":"2025-08-01T20:02:18","slug":"","status":"publish","type":"product","link":"https:\/\/www.enotecailbarocco.it\/de\/produkt\/alessandro-viola-note-di-rosso-75cl\/","title":{"rendered":"","raw":""},"content":{"rendered":"","protected":false,"raw":""},"excerpt":{"rendered":"Note di Rosso di Alessandro Viola \u00e8 un vino naturale, senza solfiti aggiunti. Esperimento cercato e voluto, Note di Rosso \u00e8 un connubio elegante tra le variet\u00e0 pi\u00f9 iconiche della Sicilia, Nero d\u2019Avola e Syrah. In bocca \u00e8 pieno e avvolgente, la frutta matura e la nota balsamica sono inconfondibili come la freschezza, che ti [...]","protected":false,"raw":""},"featured_media":13324,"template":"","meta":{"_it_post_content":"Note di Rosso di Alessandro Viola \u00e8 un vino naturale, senza solfiti aggiunti. Esperimento cercato e voluto, Note di Rosso \u00e8 un connubio elegante tra le variet\u00e0 pi\u00f9 iconiche della Sicilia, Nero d\u2019Avola e Syrah. In bocca \u00e8 pieno e avvolgente, la frutta matura e la nota balsamica sono inconfondibili come la freschezza, che ti fa apprezzare ogni sorso di questo vino.","_it_post_name":"alessandro-viola-note-di-rosso-75cl","_it_post_excerpt":"","_it_post_title":"Alessandro Viola Note di Rosso 75cl","_en_post_content":"","_en_post_name":"","_en_post_excerpt":"","_en_post_title":"","_fr_post_content":"","_fr_post_name":"","_fr_post_excerpt":"","_fr_post_title":"","_de_post_content":"","_de_post_name":"","_de_post_excerpt":"","_de_post_title":"","edit_language":"de"},"product_cat":[525,542],"product_tag":[],"class_list":{"0":"post-13323","1":"product","2":"type-product","3":"status-publish","4":"has-post-thumbnail","6":"product_cat-vini-naturali","7":"product_cat-alessandro-viola-alcamo-trapani","9":"first","10":"instock","11":"taxable","12":"shipping-taxable","13":"purchasable","14":"product-type-simple"},"jetpack_sharing_enabled":true,"_links":{"self":[{"href":"https:\/\/www.enotecailbarocco.it\/de\/wp-json\/wp\/v2\/product\/13323"}],"collection":[{"href":"https:\/\/www.enotecailbarocco.it\/de\/wp-json\/wp\/v2\/product"}],"about":[{"href":"https:\/\/www.enotecailbarocco.it\/de\/wp-json\/wp\/v2\/types\/product"}],"wp:featuredmedia":[{"embeddable":true,"href":"https:\/\/www.enotecailbarocco.it\/de\/wp-json\/wp\/v2\/media\/13324"}],"wp:attachment":[{"href":"https:\/\/www.enotecailbarocco.it\/de\/wp-json\/wp\/v2\/media?parent=13323"}],"wp:term":[{"taxonomy":"product_cat","embeddable":true,"href":"https:\/\/www.enotecailbarocco.it\/de\/wp-json\/wp\/v2\/product_cat?post=13323"},{"taxonomy":"product_tag","embeddable":true,"href":"https:\/\/www.enotecailbarocco.it\/de\/wp-json\/wp\/v2\/product_tag?post=13323"}],"curies":[{"name":"wp","href":"https:\/\/api.w.org\/{rel}","templated":true}]}}

Note di Rosso di Alessandro Viola è un vino naturale, senza solfiti aggiunti. Esperimento cercato e voluto, Note di Rosso è un connubio elegante tra le varietà più iconiche della Sicilia, Nero d’Avola e Syrah. In bocca è pieno e avvolgente, la frutta matura e la nota balsamica sono inconfondibili come la freschezza, che ti [...]

Note di Rosso di Alessandro Viola è un vino naturale, senza solfiti aggiunti. Esperimento cercato e voluto, Note di Rosso è un connubio elegante tra le varietà più iconiche della Sicilia, Nero d’Avola e Syrah. In bocca è pieno e avvolgente, la frutta matura e la nota balsamica sono inconfondibili come la freschezza, che ti fa apprezzare ogni sorso di questo vino.
