{"id":13188,"date":"2023-04-01T21:41:22","date_gmt":"2023-04-01T19:41:22","guid":{"rendered":"https:\/\/www.enotecailbarocco.it\/?post_type=product&#038;p=13188"},"modified":"2026-04-21T15:56:59","modified_gmt":"2026-04-21T13:56:59","slug":"","status":"publish","type":"product","link":"https:\/\/www.enotecailbarocco.it\/de\/produkt\/cavallo-delle-fate-grillo-75-cl\/","title":{"rendered":"","raw":""},"content":{"rendered":"","protected":false,"raw":""},"excerpt":{"rendered":"Variet\u00e0 antica, incrocio di Catarratto e Zibibbo, per un vino con aromaticit\u00e0 concentrata e complessit\u00e0. A Regaleali il Grillo \u00e8 coltivato nella collina a fianco di Case Vecchie. Noi proviamo a giocare sui diversi tempi di raccolta: una parte in anticipo, per ricavare freschezza e mineralit\u00e0, e la restante a conferire struttura e corpo. Proprio [...]","protected":false,"raw":""},"featured_media":13189,"template":"","meta":{"_it_post_content":"<div class=\"u-splitted-line\">\r\n<div class=\"u-splitted-line-inner\">Variet\u00e0 antica, incrocio di Catarratto e Zibibbo, per un vino con aromaticit\u00e0<\/div>\r\n<\/div>\r\n<div class=\"u-splitted-line\">\r\n<div class=\"u-splitted-line-inner\">concentrata e complessit\u00e0. A Regaleali il Grillo \u00e8 coltivato nella collina a fianco<\/div>\r\n<\/div>\r\n<div class=\"u-splitted-line\">\r\n<div class=\"u-splitted-line-inner\">di Case Vecchie. Noi proviamo a giocare sui diversi tempi di raccolta: una parte in<\/div>\r\n<\/div>\r\n<div class=\"u-splitted-line\">\r\n<div class=\"u-splitted-line-inner\">anticipo, per ricavare freschezza e mineralit\u00e0, e la restante a conferire struttura e<\/div>\r\n<\/div>\r\n<div class=\"u-splitted-line\">\r\n<div class=\"u-splitted-line-inner\">corpo. Proprio come nelle favole, \u201cC\u2019era una volta\u201d, e c\u2019\u00e8 ancora il Cavallo delle Fate.\u201d<\/div>\r\n<\/div>","_it_post_name":"cavallo-delle-fate-grillo-75-cl","_it_post_excerpt":"","_it_post_title":"Cavallo delle Fate Grillo 75 cl","_en_post_content":"<p><span style=\"color: #7c7c7c; font-family: 'Goudy Bookletter 1911', serif; font-size: 14.4px; background-color: #f2f1e4;\">Descritto per la prima volta nel 1735, il Perricone - detto \u201cGuarnaccio\u201d dai vignerons di Regaleali - viene allevato in Tenuta sin dal 1954. Dallo storico vigneto San Lucio, una selezione ha permesso di costituire nuove vigne da cui proviene&nbsp;<\/span><span style=\"color: #7c7c7c; font-family: 'Goudy Bookletter 1911', serif; font-size: 14.4px; background-color: #f2f1e4;\">questo vino, ricco di polifenoli e aromi speziati, che evocano ricordi di un\u2019antica tradizione enologica.<\/span><\/p>\r\n<p><span style=\"color: #7c7c7c; font-family: 'Goudy Bookletter 1911', serif; font-size: 14.4px; background-color: #f2f1e4;\">Vitigni:<\/span><\/p>\r\n<div class=\"scheda_vino_txt\" style=\"padding: 0px 0px 18px; margin: 0px; color: #786b59; line-height: 18px; font-family: Lato, sans-serif; font-size: 14.52px; background-color: #f2f1e4;\">Perricone.<\/div>\r\n<p><span style=\"color: #7c7c7c; font-family: 'Goudy Bookletter 1911', serif; font-size: 14.4px; background-color: #f2f1e4;\">&nbsp;<\/span><\/p>\r\n<div class=\"scheda_vino_titolo\" style=\"padding: 0px; margin: 0px; color: #7c7c7c; font-family: Lato, sans-serif; font-size: 14.52px; background-color: #f2f1e4;\">Denominazione:<\/div>\r\n<p><span style=\"color: #7c7c7c; font-family: 'Goudy Bookletter 1911', serif; font-size: 14.4px; background-color: #f2f1e4;\">&nbsp;<\/span><\/p>\r\n<div class=\"scheda_vino_txt\" style=\"padding: 0px 0px 18px; margin: 0px; color: #786b59; line-height: 18px; font-family: Lato, sans-serif; font-size: 14.52px; background-color: #f2f1e4;\">Sicilia DOC.<\/div>\r\n<p><span style=\"color: #7c7c7c; font-family: 'Goudy Bookletter 1911', serif; font-size: 14.4px; background-color: #f2f1e4;\">&nbsp;<\/span><\/p>\r\n<div class=\"scheda_vino_titolo\" style=\"padding: 0px; margin: 0px; color: #7c7c7c; font-family: Lato, sans-serif; font-size: 14.52px; background-color: #f2f1e4;\">Zona vitivinicola:<\/div>\r\n<p><span style=\"color: #7c7c7c; font-family: 'Goudy Bookletter 1911', serif; font-size: 14.4px; background-color: #f2f1e4;\">&nbsp;<\/span><\/p>\r\n<div class=\"scheda_vino_txt\" style=\"padding: 0px 0px 18px; margin: 0px; color: #786b59; line-height: 18px; font-family: Lato, sans-serif; font-size: 14.52px; background-color: #f2f1e4;\">Tenuta Regaleali - Palermo - Sicilia.<\/div>\r\n<p><span style=\"color: #7c7c7c; font-family: 'Goudy Bookletter 1911', serif; font-size: 14.4px; background-color: #f2f1e4;\">&nbsp;<\/span><\/p>\r\n<div class=\"scheda_vino_titolo\" style=\"padding: 0px; margin: 0px; color: #7c7c7c; font-family: Lato, sans-serif; font-size: 14.52px; background-color: #f2f1e4;\">Vigneti:<\/div>\r\n<p><span style=\"color: #7c7c7c; font-family: 'Goudy Bookletter 1911', serif; font-size: 14.4px; background-color: #f2f1e4;\">&nbsp;<\/span><\/p>\r\n<div class=\"scheda_vino_txt\" style=\"padding: 0px 0px 18px; margin: 0px; color: #786b59; line-height: 18px; font-family: Lato, sans-serif; font-size: 14.52px; background-color: #f2f1e4;\">Ciminnita di 2,6 Ha.<\/div>\r\n<p><span style=\"color: #7c7c7c; font-family: 'Goudy Bookletter 1911', serif; font-size: 14.4px; background-color: #f2f1e4;\">&nbsp;<\/span><\/p>\r\n<div class=\"scheda_vino_titolo\" style=\"padding: 0px; margin: 0px; color: #7c7c7c; font-family: Lato, sans-serif; font-size: 14.52px; background-color: #f2f1e4;\">Terreni:<\/div>\r\n<p><span style=\"color: #7c7c7c; font-family: 'Goudy Bookletter 1911', serif; font-size: 14.4px; background-color: #f2f1e4;\">&nbsp;<\/span><\/p>\r\n<div class=\"scheda_vino_txt\" style=\"padding: 0px 0px 18px; margin: 0px; color: #786b59; line-height: 18px; font-family: Lato, sans-serif; font-size: 14.52px; background-color: #f2f1e4;\">Profondi, Argilloso fini, leggermente calcarei.<\/div>\r\n<p><span style=\"color: #7c7c7c; font-family: 'Goudy Bookletter 1911', serif; font-size: 14.4px; background-color: #f2f1e4;\">&nbsp;<\/span><\/p>","_en_post_name":"perricone-1","_en_post_excerpt":"","_en_post_title":"Perricone","_fr_post_content":"","_fr_post_name":"","_fr_post_excerpt":"","_fr_post_title":"","_de_post_content":"","_de_post_name":"","_de_post_excerpt":"","_de_post_title":"","edit_language":"de"},"product_cat":[209,146],"product_tag":[],"class_list":{"0":"post-13188","1":"product","2":"type-product","3":"status-publish","4":"has-post-thumbnail","6":"product_cat-vini","7":"product_cat-tasca-dalmerita-palermo","9":"first","10":"instock","11":"taxable","12":"shipping-taxable","13":"purchasable","14":"product-type-simple"},"jetpack_sharing_enabled":true,"_links":{"self":[{"href":"https:\/\/www.enotecailbarocco.it\/de\/wp-json\/wp\/v2\/product\/13188"}],"collection":[{"href":"https:\/\/www.enotecailbarocco.it\/de\/wp-json\/wp\/v2\/product"}],"about":[{"href":"https:\/\/www.enotecailbarocco.it\/de\/wp-json\/wp\/v2\/types\/product"}],"wp:featuredmedia":[{"embeddable":true,"href":"https:\/\/www.enotecailbarocco.it\/de\/wp-json\/wp\/v2\/media\/13189"}],"wp:attachment":[{"href":"https:\/\/www.enotecailbarocco.it\/de\/wp-json\/wp\/v2\/media?parent=13188"}],"wp:term":[{"taxonomy":"product_cat","embeddable":true,"href":"https:\/\/www.enotecailbarocco.it\/de\/wp-json\/wp\/v2\/product_cat?post=13188"},{"taxonomy":"product_tag","embeddable":true,"href":"https:\/\/www.enotecailbarocco.it\/de\/wp-json\/wp\/v2\/product_tag?post=13188"}],"curies":[{"name":"wp","href":"https:\/\/api.w.org\/{rel}","templated":true}]}}

Varietà antica, incrocio di Catarratto e Zibibbo, per un vino con aromaticità concentrata e complessità. A Regaleali il Grillo è coltivato nella collina a fianco di Case Vecchie. Noi proviamo a giocare sui diversi tempi di raccolta: una parte in anticipo, per ricavare freschezza e mineralità, e la restante a conferire struttura e corpo. Proprio [...]

<div class="u-splitted-line">
<div class="u-splitted-line-inner">Varietà antica, incrocio di Catarratto e Zibibbo, per un vino con aromaticità</div>
</div>
<div class="u-splitted-line">
<div class="u-splitted-line-inner">concentrata e complessità. A Regaleali il Grillo è coltivato nella collina a fianco</div>
</div>
<div class="u-splitted-line">
<div class="u-splitted-line-inner">di Case Vecchie. Noi proviamo a giocare sui diversi tempi di raccolta: una parte in</div>
</div>
<div class="u-splitted-line">
<div class="u-splitted-line-inner">anticipo, per ricavare freschezza e mineralità, e la restante a conferire struttura e</div>
</div>
<div class="u-splitted-line">
<div class="u-splitted-line-inner">corpo. Proprio come nelle favole, “C’era una volta”, e c’è ancora il Cavallo delle Fate.”</div>
</div>
