{"id":13021,"date":"2022-12-09T19:44:00","date_gmt":"2022-12-09T18:44:00","guid":{"rendered":"https:\/\/www.enotecailbarocco.it\/?post_type=product&#038;p=13021"},"modified":"2025-06-26T12:01:01","modified_gmt":"2025-06-26T10:01:01","slug":"","status":"publish","type":"product","link":"https:\/\/www.enotecailbarocco.it\/de\/produkt\/aldo-viola-krimiso-75-cl\/","title":{"rendered":"","raw":""},"content":{"rendered":"","protected":false,"raw":""},"excerpt":{"rendered":"Il Krimiso \u00e8 un Catarratto, che ad Alcamo \u00e8 identitario; ogni vero Alcamese crede e scommette su un vino cos\u00ec speciale. Aldo Viola lo coltiva in collina seguendo la sua filosofia produttiva: cinque mesi di macerazione sulle bucce prima e una lunga fermentazione spontanea dopo.\u00a0Il Krimiso \u00e8 un vino bianco naturale dalle molteplici facce, una [...]","protected":false,"raw":""},"featured_media":13022,"template":"","meta":{"_it_post_content":"Il Krimiso \u00e8 un Catarratto, che ad Alcamo \u00e8 identitario; ogni vero Alcamese crede e scommette su un vino cos\u00ec speciale. Aldo Viola lo coltiva in collina seguendo la sua filosofia produttiva: cinque mesi di macerazione sulle bucce prima e una lunga fermentazione spontanea dopo.\u00a0Il Krimiso \u00e8 un vino bianco naturale dalle molteplici facce, una pi\u00f9 seducente dell\u2019altra.\r\n\r\n&nbsp;","_it_post_name":"aldo-viola-krimiso-75-cl","_it_post_excerpt":"","_it_post_title":"Aldo Viola Krimiso 75 cl","_en_post_content":"","_en_post_name":"","_en_post_excerpt":"","_en_post_title":"","_fr_post_content":"","_fr_post_name":"","_fr_post_excerpt":"","_fr_post_title":"","_de_post_content":"","_de_post_name":"","_de_post_excerpt":"","_de_post_title":"","edit_language":"de"},"product_cat":[525,468],"product_tag":[],"class_list":{"0":"post-13021","1":"product","2":"type-product","3":"status-publish","4":"has-post-thumbnail","6":"product_cat-vini-naturali","7":"product_cat-aldo-viola-trapani","9":"first","10":"instock","11":"taxable","12":"shipping-taxable","13":"purchasable","14":"product-type-simple"},"jetpack_sharing_enabled":true,"_links":{"self":[{"href":"https:\/\/www.enotecailbarocco.it\/de\/wp-json\/wp\/v2\/product\/13021"}],"collection":[{"href":"https:\/\/www.enotecailbarocco.it\/de\/wp-json\/wp\/v2\/product"}],"about":[{"href":"https:\/\/www.enotecailbarocco.it\/de\/wp-json\/wp\/v2\/types\/product"}],"wp:featuredmedia":[{"embeddable":true,"href":"https:\/\/www.enotecailbarocco.it\/de\/wp-json\/wp\/v2\/media\/13022"}],"wp:attachment":[{"href":"https:\/\/www.enotecailbarocco.it\/de\/wp-json\/wp\/v2\/media?parent=13021"}],"wp:term":[{"taxonomy":"product_cat","embeddable":true,"href":"https:\/\/www.enotecailbarocco.it\/de\/wp-json\/wp\/v2\/product_cat?post=13021"},{"taxonomy":"product_tag","embeddable":true,"href":"https:\/\/www.enotecailbarocco.it\/de\/wp-json\/wp\/v2\/product_tag?post=13021"}],"curies":[{"name":"wp","href":"https:\/\/api.w.org\/{rel}","templated":true}]}}

Il Krimiso è un Catarratto, che ad Alcamo è identitario; ogni vero Alcamese crede e scommette su un vino così speciale. Aldo Viola lo coltiva in collina seguendo la sua filosofia produttiva: cinque mesi di macerazione sulle bucce prima e una lunga fermentazione spontanea dopo. Il Krimiso è un vino bianco naturale dalle molteplici facce, una [...]

Il Krimiso è un Catarratto, che ad Alcamo è identitario; ogni vero Alcamese crede e scommette su un vino così speciale. Aldo Viola lo coltiva in collina seguendo la sua filosofia produttiva: cinque mesi di macerazione sulle bucce prima e una lunga fermentazione spontanea dopo. Il Krimiso è un vino bianco naturale dalle molteplici facce, una più seducente dell’altra.

&nbsp;
