{"id":1050,"date":"2018-03-02T15:27:08","date_gmt":"2018-03-02T14:27:08","guid":{"rendered":"https:\/\/www.enotecailbarocco.it\/product\/neromaccarj\/"},"modified":"2025-06-12T11:22:00","modified_gmt":"2025-06-12T09:22:00","slug":"","status":"publish","type":"product","link":"https:\/\/www.enotecailbarocco.it\/de\/produkt\/neromaccarj\/","title":{"rendered":"","raw":""},"content":{"rendered":"","protected":false,"raw":""},"excerpt":{"rendered":"Neromaccarj NEROMACCARJ Sicilia IGT Nero d'Avola Nero d'Avola 100% Il VINO: Il NEROMACCARJ \u00e8 un cru di Nero d\u2019Avola dal carattere particolarmente deciso possente e ricco. La forza acida che ne segna la personalit\u00e0 trova puntuale riscontro e bilanciamento nella fitta trama tannica ma soprattutto nella ricchezza di polpa e nella maturit\u00e0 di frutto che [...]","protected":false,"raw":""},"featured_media":1056,"template":"","meta":{"_it_post_content":"Neromaccarj\r\nNEROMACCARJ Sicilia IGT Nero d'Avola\r\n\r\nNero d'Avola 100%\r\n\r\nIl VINO: Il NEROMACCARJ \u00e8 un cru di Nero d\u2019Avola dal carattere particolarmente deciso possente e ricco. La forza acida che ne segna la personalit\u00e0 trova puntuale riscontro e bilanciamento nella fitta trama tannica ma soprattutto nella ricchezza di polpa e nella maturit\u00e0 di frutto che danno al vino una grande avvolgenza, da cui nel tempo si liberano sempre pi\u00f9 nette le tipiche note di erbe secche e confetture.\r\n\r\nLA VIGNA : La vigna Maccarj fra le pi\u00f9 rinomate del pachinese, sottozona classica del Val di Noto, si estende per circa 3 ettari a 30 m di altitudine. Il terreno, calcareo argilloso, appartiene ad una formazione geologica particolarmente antica, caratterizzata da stratificazioni molto sottili e compatte. Il clima \u00e8 temperato-caldo mediterraneo. La densit\u00e0 di impianto \u00e8 di 7000 viti per ettaro allevate ad alberello. Le vigne, non irrigate hanno oltre 35 anni con resa naturale che non supera i 50 quintali ad ettaro. vista satellitare della vigna\r\n\r\nLA VINIFICAZIONE E L'AFFINAMENTO: Le uve vendemmiate dopo la met\u00e0 di settembre, vengono vinificate in rosso con lunga macerazione del mosto con le bucce. Dopo la malolattica, il vino viene travasato in piccole botti da 500 e 225 litri dove rimane per circa 24 mesi. All\u2019imbottigliamento segue un periodo di affinamento in bottiglia di circa due anni.\r\n\r\nGLI ABBINAMENTI GASTRONOMICI : Denso e potente, merita la carne, il pollame nobile, quei piatti in cui l\u2019acidit\u00e0 accompagnata ad un corredo tannico concentrato e compatto riescono a contrastare e a penetrare la fibra senza scomporsi. La fitta trama tannica suggerisce di accostarlo a piatti piccanti e speziati, come ad esempio il sugo di castrato abruzzese, ed a formaggi a pasta dura lungamente stagionati. Temperatura di servizio consigliata non oltre i 18 gradi.","_it_post_name":"neromaccarj","_it_post_excerpt":"","_it_post_title":"Neromaccarj 75 cl","_en_post_content":"<p>NEROMACCARJ Sicilia IGT Nero d'Avola<\/p>\r\n<p><br \/>Nero d'Avola 100%<br \/> <br \/>Il VINO: Il NEROMACCARJ \u00e8 un cru di Nero d\u2019Avola dal carattere particolarmente deciso possente e ricco. La forza acida che ne segna la personalit\u00e0 trova puntuale riscontro e bilanciamento nella fitta trama tannica ma soprattutto nella ricchezza di polpa e nella maturit\u00e0 di frutto che danno al vino una grande avvolgenza, da cui nel tempo si liberano sempre pi\u00f9 nette le tipiche note di erbe secche e confetture.<br \/> <br \/>LA VIGNA : La vigna Maccarj fra le pi\u00f9 rinomate del pachinese, sottozona classica del Val di Noto, si estende per circa 3 ettari a 30 m di altitudine. Il terreno, calcareo argilloso, appartiene ad una formazione geologica particolarmente antica, caratterizzata da stratificazioni molto sottili e compatte. Il clima \u00e8 temperato-caldo mediterraneo. La densit\u00e0 di impianto \u00e8 di 7000 viti per ettaro allevate ad alberello. Le vigne, non irrigate hanno oltre 35 anni con resa naturale che non supera i 50 quintali ad ettaro. vista satellitare della vigna<br \/> <br \/>LA VINIFICAZIONE E L'AFFINAMENTO: Le uve vendemmiate dopo la met\u00e0 di settembre, vengono vinificate in rosso con lunga macerazione del mosto con le bucce. Dopo la malolattica, il vino viene travasato in piccole botti da 500 e 225 litri dove rimane per circa 24 mesi. All\u2019imbottigliamento segue un periodo di affinamento in bottiglia di circa due anni.<br \/> <br \/>GLI ABBINAMENTI GASTRONOMICI : Denso e potente, merita la carne, il pollame nobile, quei piatti in cui l\u2019acidit\u00e0 accompagnata ad un corredo tannico concentrato e compatto riescono a contrastare e a penetrare la fibra senza scomporsi. La fitta trama tannica suggerisce di accostarlo a piatti piccanti e speziati, come ad esempio il sugo di castrato abruzzese, ed a formaggi a pasta dura lungamente stagionati. Temperatura di servizio consigliata non oltre i 18 gradi.<\/p>","_en_post_name":"neromaccarj","_en_post_excerpt":"","_en_post_title":"Neromaccarj","_fr_post_content":"","_fr_post_name":"","_fr_post_excerpt":"","_fr_post_title":"","_de_post_content":"","_de_post_name":"","_de_post_excerpt":"","_de_post_title":"","edit_language":"de"},"product_cat":[209,117],"product_tag":[],"class_list":{"0":"post-1050","1":"product","2":"type-product","3":"status-publish","4":"has-post-thumbnail","6":"product_cat-vini","7":"product_cat-gulfi-ragusa","9":"first","10":"instock","11":"taxable","12":"shipping-taxable","13":"purchasable","14":"product-type-simple"},"jetpack_sharing_enabled":true,"_links":{"self":[{"href":"https:\/\/www.enotecailbarocco.it\/de\/wp-json\/wp\/v2\/product\/1050"}],"collection":[{"href":"https:\/\/www.enotecailbarocco.it\/de\/wp-json\/wp\/v2\/product"}],"about":[{"href":"https:\/\/www.enotecailbarocco.it\/de\/wp-json\/wp\/v2\/types\/product"}],"wp:featuredmedia":[{"embeddable":true,"href":"https:\/\/www.enotecailbarocco.it\/de\/wp-json\/wp\/v2\/media\/1056"}],"wp:attachment":[{"href":"https:\/\/www.enotecailbarocco.it\/de\/wp-json\/wp\/v2\/media?parent=1050"}],"wp:term":[{"taxonomy":"product_cat","embeddable":true,"href":"https:\/\/www.enotecailbarocco.it\/de\/wp-json\/wp\/v2\/product_cat?post=1050"},{"taxonomy":"product_tag","embeddable":true,"href":"https:\/\/www.enotecailbarocco.it\/de\/wp-json\/wp\/v2\/product_tag?post=1050"}],"curies":[{"name":"wp","href":"https:\/\/api.w.org\/{rel}","templated":true}]}}

Neromaccarj NEROMACCARJ Sicilia IGT Nero d'Avola Nero d'Avola 100% Il VINO: Il NEROMACCARJ è un cru di Nero d’Avola dal carattere particolarmente deciso possente e ricco. La forza acida che ne segna la personalità trova puntuale riscontro e bilanciamento nella fitta trama tannica ma soprattutto nella ricchezza di polpa e nella maturità di frutto che [...]

Neromaccarj
NEROMACCARJ Sicilia IGT Nero d'Avola

Nero d'Avola 100%

Il VINO: Il NEROMACCARJ è un cru di Nero d’Avola dal carattere particolarmente deciso possente e ricco. La forza acida che ne segna la personalità trova puntuale riscontro e bilanciamento nella fitta trama tannica ma soprattutto nella ricchezza di polpa e nella maturità di frutto che danno al vino una grande avvolgenza, da cui nel tempo si liberano sempre più nette le tipiche note di erbe secche e confetture.

LA VIGNA : La vigna Maccarj fra le più rinomate del pachinese, sottozona classica del Val di Noto, si estende per circa 3 ettari a 30 m di altitudine. Il terreno, calcareo argilloso, appartiene ad una formazione geologica particolarmente antica, caratterizzata da stratificazioni molto sottili e compatte. Il clima è temperato-caldo mediterraneo. La densità di impianto è di 7000 viti per ettaro allevate ad alberello. Le vigne, non irrigate hanno oltre 35 anni con resa naturale che non supera i 50 quintali ad ettaro. vista satellitare della vigna

LA VINIFICAZIONE E L'AFFINAMENTO: Le uve vendemmiate dopo la metà di settembre, vengono vinificate in rosso con lunga macerazione del mosto con le bucce. Dopo la malolattica, il vino viene travasato in piccole botti da 500 e 225 litri dove rimane per circa 24 mesi. All’imbottigliamento segue un periodo di affinamento in bottiglia di circa due anni.

GLI ABBINAMENTI GASTRONOMICI : Denso e potente, merita la carne, il pollame nobile, quei piatti in cui l’acidità accompagnata ad un corredo tannico concentrato e compatto riescono a contrastare e a penetrare la fibra senza scomporsi. La fitta trama tannica suggerisce di accostarlo a piatti piccanti e speziati, come ad esempio il sugo di castrato abruzzese, ed a formaggi a pasta dura lungamente stagionati. Temperatura di servizio consigliata non oltre i 18 gradi.

<p>NEROMACCARJ Sicilia IGT Nero d'Avola</p>
<p><br />Nero d'Avola 100%<br /> <br />Il VINO: Il NEROMACCARJ è un cru di Nero d’Avola dal carattere particolarmente deciso possente e ricco. La forza acida che ne segna la personalità trova puntuale riscontro e bilanciamento nella fitta trama tannica ma soprattutto nella ricchezza di polpa e nella maturità di frutto che danno al vino una grande avvolgenza, da cui nel tempo si liberano sempre più nette le tipiche note di erbe secche e confetture.<br /> <br />LA VIGNA : La vigna Maccarj fra le più rinomate del pachinese, sottozona classica del Val di Noto, si estende per circa 3 ettari a 30 m di altitudine. Il terreno, calcareo argilloso, appartiene ad una formazione geologica particolarmente antica, caratterizzata da stratificazioni molto sottili e compatte. Il clima è temperato-caldo mediterraneo. La densità di impianto è di 7000 viti per ettaro allevate ad alberello. Le vigne, non irrigate hanno oltre 35 anni con resa naturale che non supera i 50 quintali ad ettaro. vista satellitare della vigna<br /> <br />LA VINIFICAZIONE E L'AFFINAMENTO: Le uve vendemmiate dopo la metà di settembre, vengono vinificate in rosso con lunga macerazione del mosto con le bucce. Dopo la malolattica, il vino viene travasato in piccole botti da 500 e 225 litri dove rimane per circa 24 mesi. All’imbottigliamento segue un periodo di affinamento in bottiglia di circa due anni.<br /> <br />GLI ABBINAMENTI GASTRONOMICI : Denso e potente, merita la carne, il pollame nobile, quei piatti in cui l’acidità accompagnata ad un corredo tannico concentrato e compatto riescono a contrastare e a penetrare la fibra senza scomporsi. La fitta trama tannica suggerisce di accostarlo a piatti piccanti e speziati, come ad esempio il sugo di castrato abruzzese, ed a formaggi a pasta dura lungamente stagionati. Temperatura di servizio consigliata non oltre i 18 gradi.</p>
